{"id":17,"date":"2022-05-24T08:53:18","date_gmt":"2022-05-24T08:53:18","guid":{"rendered":"https:\/\/xstore.8theme.com\/elementor\/demos\/phoneservice\/?page_id=17"},"modified":"2025-12-28T12:29:41","modified_gmt":"2025-12-28T12:29:41","slug":"home-phone-service","status":"publish","type":"page","link":"https:\/\/reichweitenagentur.de\/","title":{"rendered":"Home phone-service"},"content":{"rendered":"\t\t<div data-elementor-type=\"wp-page\" data-elementor-id=\"17\" class=\"elementor elementor-17\" data-elementor-post-type=\"page\">\n\t\t\t\t\t\t<section class=\"elementor-section elementor-top-section elementor-element elementor-element-5ec6962 elementor-section-stretched elementor-section-boxed elementor-section-height-default elementor-section-height-default\" data-id=\"5ec6962\" data-element_type=\"section\" data-settings=\"{&quot;stretch_section&quot;:&quot;section-stretched&quot;,&quot;background_background&quot;:&quot;classic&quot;}\">\n\t\t\t\t\t\t<div class=\"elementor-container elementor-column-gap-no\">\n\t\t\t\t\t<div class=\"elementor-column elementor-col-100 elementor-top-column elementor-element elementor-element-854e3b6\" data-id=\"854e3b6\" data-element_type=\"column\">\n\t\t\t<div class=\"elementor-widget-wrap elementor-element-populated\">\n\t\t\t\t\t\t<div class=\"elementor-element elementor-element-a371a8c elementor-widget elementor-widget-image\" data-id=\"a371a8c\" data-element_type=\"widget\" data-widget_type=\"image.default\">\n\t\t\t\t\t\t\t\t\t\t\t\t\t\t\t<img loading=\"lazy\" loading=\"lazy\" decoding=\"async\" width=\"227\" height=\"85\" src=\"https:\/\/reichweitenagentur.de\/wp-content\/uploads\/2025\/12\/reichweitenagentur-logo.png\" class=\"attachment-large size-large wp-image-2345\" alt=\"\" srcset=\"https:\/\/reichweitenagentur.de\/wp-content\/uploads\/2025\/12\/reichweitenagentur-logo.png 227w, https:\/\/reichweitenagentur.de\/wp-content\/uploads\/2025\/12\/reichweitenagentur-logo-1x1.png 1w, https:\/\/reichweitenagentur.de\/wp-content\/uploads\/2025\/12\/reichweitenagentur-logo-10x4.png 10w\" sizes=\"auto, (max-width: 227px) 100vw, 227px\" \/>\t\t\t\t\t\t\t\t\t\t\t\t\t\t\t<\/div>\n\t\t\t\t<div class=\"elementor-element elementor-element-99900c2 elementor-align-left elementor-widget elementor-widget-etheme_advanced_headline\" data-id=\"99900c2\" data-element_type=\"widget\" data-widget_type=\"etheme_advanced_headline.default\">\n\t\t\t\t<div class=\"elementor-widget-container\">\n\t\t\t\t\t        \n        <div class=\"etheme-a-h-wrapper\">\n        \n            \n\t\t\t\n        <h2 class=\"etheme-advanced-headline etheme-advanced-headline-mask\">\n\n            Reichweitenaufbau & Brandconsulting f\u00fcr ambitionierte Unternehmen, Marken, CEOs und Personen des \u00f6ffentlichen Lebens.\n        <\/h2>\n\t\t\n                    \n        <\/div>\n        \n\t\t\t\t\t\t<\/div>\n\t\t\t\t<\/div>\n\t\t\t\t<div class=\"elementor-element elementor-element-38ed86d elementor-widget elementor-widget-text-editor\" data-id=\"38ed86d\" data-element_type=\"widget\" data-widget_type=\"text-editor.default\">\n\t\t\t\t\t\t\t\t\t<p>Leitung:<\/p><p>Sebastian Petrov<\/p><p>Vincent S\u00fcnderhauf<\/p><p>Duisburger Str. 20, 10707, Berlin<br \/><a href=\"mailto:info@reichweitenagentur.de\"><u>info@reichweitenagentur.de<\/u><\/a><\/p>\t\t\t\t\t\t\t\t<\/div>\n\t\t\t\t<div data-etheme-element-link=\"{&quot;url&quot;:&quot;https:\\\/\\\/seosupport.de\\\/&quot;,&quot;is_external&quot;:&quot;&quot;,&quot;nofollow&quot;:&quot;&quot;,&quot;custom_attributes&quot;:&quot;&quot;}\" style=\"cursor: pointer\" class=\"elementor-element elementor-element-83e894a elementor-align-left elementor-widget elementor-widget-etheme_advanced_headline\" data-id=\"83e894a\" data-element_type=\"widget\" data-widget_type=\"etheme_advanced_headline.default\">\n\t\t\t\t<div class=\"elementor-widget-container\">\n\t\t\t\t\t        \n        <div class=\"etheme-a-h-wrapper\">\n        \n            \n\t\t\t\n        <h3 class=\"etheme-advanced-headline etheme-advanced-headline-mask\">\n\n            Eine Marke der seosupport GmbH \n        <\/h3>\n\t\t\n                    \n        <\/div>\n        \n\t\t\t\t\t\t<\/div>\n\t\t\t\t<\/div>\n\t\t\t\t\t<\/div>\n\t\t<\/div>\n\t\t\t\t\t<\/div>\n\t\t<\/section>\n\t\t\t\t<\/div>\n\t\t","protected":false},"excerpt":{"rendered":"<p>Reichweitenaufbau &#038; Brandconsulting f\u00fcr ambitionierte Unternehmen, Marken, CEOs und Personen des \u00f6ffentlichen Lebens. Leitung: Sebastian Petrov Vincent S\u00fcnderhauf Duisburger Str. 20, 10707, Berlininfo@reichweitenagentur.de Eine Marke&#8230;<\/p>\n","protected":false},"author":1,"featured_media":0,"parent":0,"menu_order":0,"comment_status":"closed","ping_status":"closed","template":"","meta":{"footnotes":""},"class_list":["post-17","page","type-page","status-publish","hentry"],"_links":{"self":[{"href":"https:\/\/reichweitenagentur.de\/index.php?rest_route=\/wp\/v2\/pages\/17","targetHints":{"allow":["GET"]}}],"collection":[{"href":"https:\/\/reichweitenagentur.de\/index.php?rest_route=\/wp\/v2\/pages"}],"about":[{"href":"https:\/\/reichweitenagentur.de\/index.php?rest_route=\/wp\/v2\/types\/page"}],"author":[{"embeddable":true,"href":"https:\/\/reichweitenagentur.de\/index.php?rest_route=\/wp\/v2\/users\/1"}],"replies":[{"embeddable":true,"href":"https:\/\/reichweitenagentur.de\/index.php?rest_route=%2Fwp%2Fv2%2Fcomments&post=17"}],"version-history":[{"count":39,"href":"https:\/\/reichweitenagentur.de\/index.php?rest_route=\/wp\/v2\/pages\/17\/revisions"}],"predecessor-version":[{"id":2395,"href":"https:\/\/reichweitenagentur.de\/index.php?rest_route=\/wp\/v2\/pages\/17\/revisions\/2395"}],"wp:attachment":[{"href":"https:\/\/reichweitenagentur.de\/index.php?rest_route=%2Fwp%2Fv2%2Fmedia&parent=17"}],"curies":[{"name":"wp","href":"https:\/\/api.w.org\/{rel}","templated":true}]}}